site number?
False
Is 7092907114 a composite number?
True
Is 14606781295 a prime number?
False
Is 34361320463 composite?
True
Is 899890643 prime?
True
Is 1510898303 a composite number?
False
Is 77458672891 a prime number?
False
Is 101628606889 a prime number?
False
Is 62991923 a prime number?
False
Is 120731678341 a composite number?
True
Is 576315539 a composite number?
False
Is 609912779 a prime number?
False
Is 70747699549 a prime number?
False
Is 500715953 a composite number?
False
Is 16945643767 a prime number?
False
Is 8067260449 a composite number?
False
Is 1190668643 a prime number?
False
Is 7394069341 prime?
True
Is 73681129 prime?
False
Is 5050034233 a prime number?
False
Is 530183573 prime?
False
Is 1244753473 a prime number?
False
Is 27613962031 prime?
True
Is 46913451617 prime?
False
Is 127720771007 a prime number?
True
Is 200609369 a prime number?
True
Is 125374737427 a composite number?
True
Is 1071758827 a prime number?
True
Is 428729867 a composite number?
True
Is 2770718359 a prime number?
True
Is 1950771415 a prime number?
False
Is 1580824561 a composite number?
False
Is 789262321 a composite number?
False
Is 10288194029 prime?
False
Is 15183107459 a composite number?
True
Is 25146167987 composite?
False
Is 200973420399 prime?
False
Is 31344160702 composite?
True
Is 85903001 composite?
True
Is 1887976907 a prime number?
True
Is 80186131 a composite number?
True
Is 9614073341 a prime number?
False
Is 4557418269 composite?
True
Is 13280389651 prime?
True
Is 24017589917 prime?
True
Is 201903893 prime?
True
Is 676266391 a prime number?
False
Is 3830551961 a composite number?
False
Is 488787989 composite?
False
Is 25865104553 a composite number?
True
Is 7388385839 a composite number?
True
Is 109464097 a prime number?
True
Is 12632895221 a prime number?
True
Is 1953844559 a composite number?
False
Is 6275888161 a prime number?
False
Is 129558191 composite?
True
Is 3224151397 a composite number?
True
Is 3788164931 a prime number?
True
Is 2059399718 prime?
False
Is 688250977 composite?
False
Is 49341989 composite?
False
Is 44768762359 prime?
False
Is 103066643 a prime number?
True
Is 825551411 prime?
True
Is 87934947701 composite?
True
Is 128325567157 a prime number?
False
Is 237495529 a prime number?
False
Is 129485053 a prime number?
True
Is 14414510381 prime?
True
Is 943632863 composite?
False
Is 239626657 a composite number?
True
Is 1421783087 a composite number?
True
Is 874661057 prime?
True
Is 551788793 a prime number?
True
Is 9900661853 a prime number?
False
Is 3034317599 composite?
True
Is 82652491177 a composite number?
True
Is 23338561399 composite?
False
Is 81647451269 a prime number?
False
Is 10825667747 a prime number?
True
Is 6901274431 composite?
False
Is 1152375013 a composite number?
True
Is 167797261 composite?
False
Is 1589856649 a prime number?
True
Is 6764897021 prime?
True
Is 19684123337 prime?
True
Is 1441504997 a composite number?
False
Is 2293785491 a composite number?
False
Is 120967559 a prime number?
True
Is 2582087147 prime?
True
Is 4932058883 a prime number?
True
Is 20244715613 composite?
False
Is 9654439259 composite?
False
Is 162228524509 a composite number?
False
Is 52539334087 a composite number?
False
Is 91588043 a prime number?
False
Is 21258918481 a prime number?
True
Is 1218647527 a composite number?
False
Is 571683743 composite?
True
Is 9101376577 a composite number?
False
Is 71108683 a prime number?
True
Is 489716033 composite?
False
Is 833792651 composite?
False
Is 1779907343 a prime number?
False
Is 9424194253 a composite number?
False
Is 236388241 composite?
False
Is 44697469237 a composite number?
True
Is 11375390137 a prime number?
False
Is 3129741449 composite?
False
Is 5861325641 composite?
False
Is 1101036767 composite?
False
Is 87216503629 prime?
True
Is 4946907223 prime?
False
Is 228115243 a composite number?
True
Is 299263871 a composite number?
True
Is 134134522603 prime?
False
Is 31118065403 a prime number?
True
Is 35608821517 a prime number?
True
Is 552379543 a prime number?
False
Is 13764787303 a composite number?
False
Is 5341201 prime?
False
Is 64186952497 composite?
True
Is 3465655579 a prime number?
False
Is 5898889699 composite?
False
Is 8009958457 a composite number?
False
Is 530305199 prime?
True
Is 624480501 composite?
True
Is 24855148327 prime?
True
Is 3709907237 prime?
False
Is 137510213 a composite number?
False
Is 1170515231 a composite number?
True
Is 1471884961 prime?
True
Is 40965583759 a prime number?
True
Is 659627987 prime?
True
Is 20377795667 prime?
False
Is 332165959 composite?
False
Is 8675161457 prime?
False
Is 337663485209 a prime number?
True
Is 3119176169 prime?
False
Is 16042492303 composite?
False
Is 853895623 a composite number?
True
Is 7531772111 a composite number?
False
Is 31278787471 composite?
True
Is 808005535 prime?
False
Is 13469101 composite?
False
Is 51543435017 a composite number?
False
Is 4280313139 composite?
False
Is 3867749911 a composite number?
True
Is 8475689737 prime?
True
Is 1496335459 a composite number?
True
Is 39445629859 a prime number?
False
Is 1029950414 a prime number?
False
Is 847409767 a composite number?
False
Is 10578035959 prime?
False
Is 2998140931 a prime number?
True
Is 1967088619 composite?
False
Is 222194923 a prime number?
True
Is 1727577107 composite?
True
Is 3808103311 a composite number?
True
Is 13617822767 composite?
False
Is 6007167599 a prime number?
True
Is 2068691637 a prime number?
False
Is 252688367 a prime number?
False
Is 172114967 a prime number?
False
Is 987903757 composite?
False
Is 589280899 a composite number?
True
Is 77392229 a composite number?
True
Is 20049854749 prime?
True
Is 188180831 a composite number?
False
Is 10004610193 a prime number?
True
Is 25351159 composite?
False
Is 9270582861 composite?
True
Is 10461066631 a composite number?
True
Is 14336611 a prime number?
True
Is 6657232489 prime?
False
Is 6628779929 prime?
False
Is 21184526681 a prime number?
True
Is 21764187353 a composite number?
True
Is 1271018659 prime?
True
Is 1045497779 composite?
False
Is 49569894281 composite?
True
Is 39029940269 composite?
False
Is 1917379013 a prime number?
False
Is 5823353113 a composite number?
True
Is 9279656093 composite?
True
Is 1379501549 prime?
True
Is 117356809853 a prime number?
True
Is 1099486879 a composite number?
True
Is 3834529833 a composite number?
True
Is 2830546009 a prime number?
True
Is 1816131665 prime?
False
Is 3390495313 a prime number?
True
Is 103280408549 composite?
False
Is 11076935813 prime?
True
Is 12102174391 composite?
False
Is 155646320597 a composite number?
True
Is 344567465327 a composite number?
True
Is 82709800753 composite?
True
Is 1706321497 composite?
False
Is 5484904669 prime?
False
Is 332740277 composite?
True
Is 1499173877 prime?
True
Is 20542946939 prime?
True
Is 87649789 a composite number?
True
Is 3110923423 a prime number?
True
Is 829798091 prime?
True
Is 199982389 a composite number?
False
Is 4604607149 a composite number?
False
Is 20749860541 prime?
False
Is 84793258882 a composite number?
True
Is 21856386029 a prime number?
True
Is 169348301 a composite number?
False
Is 958035203 composite?
False
Is 19371245143 composite?
False
Is 217869682 a prime number?
False
Is 41057533511 composite?
False
Is 20824460647 a prime number?
True
Is 819640043 prime?
True
Is 884993561 prime?
True
Is 307775981 prime?
True
Is 1243063333 composite?
True
Is 787177569 composite?
True
Is 27936269767 a prime number?
False
Is 7809134873 a composite number?
False
Is 31159278043 a prime number?
False
Is 7986135379 a prime number?
False
Is 308366857 prime?
True
Is 424092371 a composite number?
False
Is 1607882819 composite?
False
Is 1694695391 composite?
False
Is 35719323839 a composite number?
False
Is 21255458557 a prime number?
False
Is 320557571 a composite number?
False
Is 4904754277 a prime number?
True
Is 3366925747 a composite number?
False
Is 18707005079 a prime number?
False
Is 76568938 composite?
True
Is 39137230711 a composite number?
False
Is 197630270429 a composite number?
False
Is 792520387 composite?
False
Is 524441321 a prime number?
True
Is 109255469 a composite number?
True
Is 17164092083 composite?
False
Is 6173732171 prime?
True
Is 8596527157 a composite